What is the highest common factor of 45 and h?
9
Let h = -31 - -30. Let c be (5/(-1) + 2)/(h/17). Calculate the greatest common divisor of 3 and c.
3
Let k be 3*(-1)/(-3) - -86. Let j = k + -34. Suppose -q + 2*q - j = -2*t, -q + 4*t = -65. What is the highest common factor of 19 and q?
19
Let v = -6 - -70. Let g(c) = -10*c + 2. Suppose -4*p = t - 9, 0*p - 5*p = 4*t - 3. Let u be g(t). What is the highest common factor of u and v?
32
Let l = 5 + 17. Suppose 0 = -170*n + 154*n + 32. Calculate the highest common divisor of n and l.
2
Let c be 1 - (-14 - (1 + -1)). Let m be (6 + 57)/9 - 2. What is the highest common factor of c and m?
5
Let o(q) = -q**3 + 9*q**2 - 17*q + 36. Let j be o(6). Let t(g) = -g**3 - 5*g**2 - 4*g - 6. Let p be t(-5). Calculate the greatest common factor of j and p.
14
Suppose 4*w - 1428 = -3*x, x + 1816 = 5*w - 3*x. Calculate the highest common divisor of w and 72.
72
Let h = 1264 + -288. What is the highest common factor of h and 16?
16
Let p be (-399)/(-14)*(3 - 1). Let g = -33 - -71. Calculate the greatest common divisor of p and g.
19
Let v(n) = 26*n**2 + 3*n + 2. Let g be v(-2). Let x = -378 + 398. Calculate the greatest common factor of x and g.
20
Let r be (-1)/27*6 + (-176)/18. Let z(x) = -3*x - 8. Let p be z(r). What is the greatest common divisor of 110 and p?
22
Suppose 167*q = 164*q + 222. Calculate the greatest common factor of 37 and q.
37
Let d(g) = 2*g**2 + g + 5. Let z be d(5). Suppose 3*v - z = -2*v. What is the highest common divisor of v and 96?
12
Let h be 5/((-4)/84*-7). What is the greatest common factor of 10 and h?
5
Suppose 2*h - 30 = -0*h. Let r = -4 + h. Let s = 23 - r. Calculate the highest common divisor of s and 30.
6
Let i be (-216)/(-384)*(-4)/(-3)*36. Calculate the highest common divisor of i and 1.
1
Let m(l) = 16*l**2 - 7*l - 17*l**2 + 3 - 9. Let t be m(-6). Suppose -5*y = -t*y - 20. What is the highest common divisor of 32 and y?
4
Let c = 7 + -9. Let z = 14 + c. Suppose 3*h + h + r = 97, 0 = 4*h - 4*r - 92. Calculate the greatest common divisor of h and z.
12
Let d = 43 + 23. Let z = d + -27. What is the greatest common divisor of z and 13?
13
Suppose -13*g + 8*g - 15 = 0. Let h be 2/g + (-265)/(-15). What is the highest common divisor of h and 17?
17
Suppose 5*u = -3*i + 1643, 2*i - 428 = -4*u + 666. Calculate the highest common factor of 19 and i.
19
Let i = -12 + 15. Suppose -i*q - 3*m + 579 = 0, -q - 3*q + 802 = -2*m. Calculate the greatest common divisor of 22 and q.
22
Let d be (5 - -1)/((-1)/(-1)). Suppose 5*c - 3*u = -d*u + 39, -5*u = -15. Let f(h) = -4*h. Let z be f(-6). What is the greatest common factor of c and z?
6
Suppose -5*y = 152 + 13. Let x = y - -47. Calculate the highest common factor of 42 and x.
14
Let x(h) = -h**3 - 32*h**2 - 3*h + 7. Let c be x(-32). Let g = c - 91. What is the greatest common factor of g and 3?
3
Let q be ((-6)/4)/((-27)/90). Let o(t) = t**3 - 6*t**2 + 2. Let a be o(q). Let b = a - -135. Calculate the highest common factor of b and 14.
14
Let v = -125 - -183. Let a = 308 - v. Let d be a/6 + (-1)/(-3). Calculate the greatest common divisor of d and 28.
14
Suppose -84 = -3*p + p - 4*g, -p + 30 = 5*g. What is the highest common factor of 350 and p?
50
Let p be (0 - (-2)/1) + 12. Let f = p - 12. Suppose -2*i + f*u = -0*i - 132, 0 = -4*i - u + 284. Calculate the greatest common factor of i and 14.
14
Let x(r) = -86*r - 150. Let q be x(-2). Calculate the highest common divisor of 11 and q.
11
Let d be (8/(-12))/((-2)/(-21)). Let o = d - -10. Suppose -2*i - o*i + 135 = 0. What is the highest common divisor of i and 27?
27
Let g be 2/1*((-9)/(-6) - 1). Let n be -1 + 0 + 2/1. Calculate the greatest common divisor of n and g.
1
Suppose 0 = -4*y - 4*f, 9 = y - 3*f + f. Let z be 27/(-6)*76/(-3). Suppose y*t + 3*t = z. Calculate the highest common factor of t and 152.
19
Let b = 4 + -4. Let r(s) = s - 4. Let t be r(6). Suppose -g = 2*g, 3*c - t*g - 6 = b. What is the highest common divisor of 6 and c?
2
Let k(n) = -n**2 - 3*n + 7. Let x be k(-3). Let f(d) = -49*d**3 - d**2 - 2*d - 1. Let b be f(-1). What is the highest common factor of b and x?
7
Suppose 0 = 2*p + 2*a - 10, 3*a = -p + 2*p - 21. What is the highest common divisor of p and 117?
9
Suppose 0 = -2*z - 3*q + 3, 6 = z - 2*q - q. Suppose -z = 4*i - 7. What is the highest common divisor of 3 and i?
1
Let n be 1 + 4*1 - 2. Suppose 25 = n*r - 5. Let u = 605 - 525. Calculate the highest common factor of r and u.
10
Let j be (16/(-5))/(2/(-5)). Let v be (25 - 4 - 8) + 3. Calculate the greatest common factor of j and v.
8
Suppose 5*v - q = 1445, -q = 6*v - 7*v + 285. What is the greatest common factor of v and 522?
58
Let f(j) be the first derivative of -j**2/2 + 20*j - 3. Let w be f(0). Let v(y) = 3*y - 1. Let o be v(3). Calculate the greatest common factor of o and w.
4
Let z be (-16)/(-2) + 1 + 0. Suppose 5*s = -4*x + 188, -s - 5*x - z + 55 = 0. What is the greatest common factor of s and 24?
12
Suppose 3*l + 6 = 0, 4*f - 10*l - 26 = -7*l. Calculate the greatest common factor of f and 115.
5
Let t = 61 + -34. Let x = t + 92. What is the highest common divisor of x and 7?
7
Let l(o) = 2 - 2*o**3 - 3*o - 13*o**2 + 15*o**2 + o**3. Let c be l(-4). Let h be 50/(-2)*8/(-20). Calculate the highest common divisor of h and c.
10
Let o = -1 + 3. Let b be ((-18)/12)/(1/(-2)). Let a be 2/(-3)*b/(-2). Calculate the greatest common divisor of a and o.
1
Let t(w) = -4*w + 70. Let a be t(16). Calculate the greatest common factor of a and 114.
6
Suppose r - 1389 = -2*q, -q - 2763 = -0*r - 2*r. What is the highest common divisor of r and 3?
3
Let m be (9/18)/((-1)/(-4)). Suppose m*o = -0*o + 16. Suppose -o*k + 3*k = -420. What is the greatest common factor of 12 and k?
12
Let x(m) = m**3 - 9*m**2 - 9*m + 23. Let q be x(10). What is the greatest common factor of 264 and q?
33
Suppose 0*y + 2*y - 24 = 5*n, 2*y - 28 = 4*n. Suppose y*p = 20*p + 34. Suppose 2*q - 3 = p. What is the greatest common factor of q and 10?
10
Let p(d) = 42*d + 22 - 27*d - 16*d. Let i be p(-22). Calculate the highest common divisor of 2 and i.
2
Suppose 20*u - 19 = 101. Calculate the highest common divisor of u and 6.
6
Let g(n) = 2*n**2 - 17*n + 20. Let i be g(15). Let f = i - 94. Calculate the highest common divisor of 11 and f.
11
Suppose 19*k - 810 = -35*k. Suppose -3*w + 666 = 171. Calculate the highest common divisor of k and w.
15
Let k be (6/4 + 0)*-2. Let v(t) = 11*t**2 - 2*t - 9. Let w be v(k). Calculate the highest common factor of 12 and w.
12
Let k be (6 - 9) + 1*2. Let l be (1/k)/(-2)*6. What is the greatest common divisor of 1 and l?
1
Let t(i) = 28*i**2 - 4*i - 6 - 29*i**2 + 10*i. Let o be t(4). Suppose o*m + 5*v - 1 - 19 = 0, v = -m + 7. What is the greatest common factor of 25 and m?
5
Let w = -1 - -9. Suppose 3*j - w = -s, s + 0 = j - 4. Suppose -2*l - 2*i = j*l - 140, i = -3*l + 84. What is the highest common divisor of 42 and l?
14
Let u be ((-720)/(-16))/((-3)/(-3)). Calculate the highest common divisor of 2925 and u.
45
Suppose -j + 337 = 5*d, -149 - 46 = -3*d - 3*j. Calculate the greatest common divisor of 17 and d.
17
Let i(v) = -2*v - 2. Let l be i(-11). Let j = -10 - l. Let s be (-1902)/j + (-2)/5. What is the greatest common divisor of 9 and s?
9
Suppose 2*q = i - 425 + 4, 4*q = -i + 445. Calculate the highest common factor of i and 169.
13
Suppose -21 - 67 = 11*j. Let p(f) = -6*f - 14. Let b be p(j). What is the highest common divisor of 17 and b?
17
Let w = -283 + 553. Let r be w/4*(-4)/(-6). Let b be (-4)/(-18) + 86/18. Calculate the greatest common divisor of r and b.
5
Let m be 13/(5/(-10)*2). Let w = m - -20. What is the highest common divisor of w and 49?
7
Let o(z) = z**2 + 3*z - 7. Let u be o(5). Suppose -55 = -79*i + 74*i. Calculate the greatest common divisor of i and u.
11
Let u(f) = -f**2 + 14*f - 15. Let g be u(13). Let i be g + (-12)/(-7) - 396/(-14). What is the highest common divisor of 4 and i?
4
Let w be 34/5*(8 + 2). Let y be 1016/6 - ((-84)/18)/7. What is the highest common factor of y and w?
34
Suppose 7 = p - 4*p + 4*g, 4*p - 3*g = 0. Let i(d) = -4*d - 1. Let y be i(p). Let l = -12 - y. Calculate the greatest common divisor of 7 and l.
1
Let z(v) = -v**3 - 7*v**2 + 15*v + 34. Let d be z(-10).